{"id":1071,"date":"2021-10-05T00:06:07","date_gmt":"2021-10-04T22:06:07","guid":{"rendered":"https:\/\/aumbongui.catalog.ovh\/?post_type=product&#038;p=1071"},"modified":"2024-02-02T16:39:14","modified_gmt":"2024-02-02T15:39:14","slug":"generation-casse-croute","status":"publish","type":"product","link":"https:\/\/aumbongui.com\/?product=generation-casse-croute","title":{"rendered":"G\u00e9n\u00e9ration Casse-Cro\u00fbte"},"content":{"rendered":"<p><span class=\"ILfuVd\"><span class=\"hgKElc\">\u00ab <\/span><\/span>Une jeunesse ensorcel\u00e9e par son ma\u00eetre est pr\u00eate \u00e0 pr\u00e9server ses miettes pour un poste, de l&rsquo;argent, une alliance \u00e9ternelle men\u00e9e dans des cercles ferm\u00e9s pour survivre (&#8230;)<\/p>\n<p>La g\u00e9n\u00e9ration casse-cro\u00fbte est une pl\u00e9thore de jeunes dot\u00e9s de capacit\u00e9s intellectuelles, une force in\u00e9branlable, qui fait le choix de ramasser les cro\u00fbtes de pain et de l\u00e9cher les bottes du ma\u00eetre qui l&rsquo;exploite et qui infecte son existence \u00e0 coups de m\u00e9thodes malsaines. Atteinte du syndrome du larbin, une g\u00e9n\u00e9ration tapie dans l&rsquo;ombre pour faire le <em><strong>\u00ab\u00a0sale boulot\u00a0\u00bb<\/strong><\/em>, r\u00e9duite au laquais<span class=\"ILfuVd\"><span class=\"hgKElc\">.\u00a0\u00a0\u00a0\u00a0\u00a0\u00a0\u00a0\u00a0\u00a0\u00a0\u00a0\u00a0\u00a0\u00a0\u00a0\u00a0\u00a0\u00a0\u00a0\u00a0\u00a0\u00a0\u00a0\u00a0\u00a0\u00a0\u00a0\u00a0\u00a0\u00a0\u00a0\u00a0\u00a0\u00a0\u00a0\u00a0\u00a0\u00a0\u00a0\u00a0\u00a0\u00a0\u00a0\u00a0\u00a0\u00a0\u00a0\u00a0\u00a0\u00a0\u00a0\u00a0\u00a0\u00a0\u00a0\u00a0\u00a0\u00a0\u00a0\u00a0\u00a0\u00a0\u00a0\u00a0\u00a0\u00a0\u00a0\u00a0\u00a0\u00a0\u00a0\u00a0\u00a0\u00a0\u00a0\u00a0\u00a0\u00a0\u00a0\u00a0\u00a0\u00a0\u00a0\u00a0\u00a0\u00a0\u00a0\u00a0\u00a0\u00a0\u00a0\u00a0\u00a0\u00a0\u00a0\u00a0\u00a0\u00a0\u00a0\u00a0\u00a0\u00a0\u00a0\u00a0\u00a0\u00a0\u00a0\u00a0 Ce ph\u00e9nom\u00e8ne ne cesse de prendre de l&rsquo;ampleur dans les soci\u00e9t\u00e9s africaines&#8230; \u00bb<\/span><\/span><\/p>\n<p>N\u00e9e \u00e0 Franceville au Gabon, Sharon Onkoni Lekongo est laur\u00e9ate 2018 du Prix du jeune ambassadeur de l&rsquo;Union Africaine contre la Corruption et pour la Transparence R\u00e9gion Afrique Centrale.<\/p>\n","protected":false},"excerpt":{"rendered":"<p>Auteure : <strong>Sharon ONKONI LEKONGO<\/strong><\/p>\n<p>\u00c9diteur : <strong>EDILIVRE-APARIS<\/strong><\/p>\n","protected":false},"featured_media":1165,"comment_status":"open","ping_status":"closed","template":"","meta":[],"product_brand":[],"product_cat":[75],"product_tag":[],"class_list":{"0":"post-1071","1":"product","2":"type-product","3":"status-publish","4":"has-post-thumbnail","6":"product_cat-kama-mon-afrique","7":"product_shipping_class-standard","9":"first","10":"instock","11":"shipping-taxable","12":"purchasable","13":"product-type-simple"},"_links":{"self":[{"href":"https:\/\/aumbongui.com\/index.php?rest_route=\/wp\/v2\/product\/1071","targetHints":{"allow":["GET"]}}],"collection":[{"href":"https:\/\/aumbongui.com\/index.php?rest_route=\/wp\/v2\/product"}],"about":[{"href":"https:\/\/aumbongui.com\/index.php?rest_route=\/wp\/v2\/types\/product"}],"replies":[{"embeddable":true,"href":"https:\/\/aumbongui.com\/index.php?rest_route=%2Fwp%2Fv2%2Fcomments&post=1071"}],"wp:featuredmedia":[{"embeddable":true,"href":"https:\/\/aumbongui.com\/index.php?rest_route=\/wp\/v2\/media\/1165"}],"wp:attachment":[{"href":"https:\/\/aumbongui.com\/index.php?rest_route=%2Fwp%2Fv2%2Fmedia&parent=1071"}],"wp:term":[{"taxonomy":"product_brand","embeddable":true,"href":"https:\/\/aumbongui.com\/index.php?rest_route=%2Fwp%2Fv2%2Fproduct_brand&post=1071"},{"taxonomy":"product_cat","embeddable":true,"href":"https:\/\/aumbongui.com\/index.php?rest_route=%2Fwp%2Fv2%2Fproduct_cat&post=1071"},{"taxonomy":"product_tag","embeddable":true,"href":"https:\/\/aumbongui.com\/index.php?rest_route=%2Fwp%2Fv2%2Fproduct_tag&post=1071"}],"curies":[{"name":"wp","href":"https:\/\/api.w.org\/{rel}","templated":true}]}}