{"id":1284,"date":"2021-10-26T12:35:15","date_gmt":"2021-10-26T10:35:15","guid":{"rendered":"https:\/\/aumbongui.catalog.ovh\/?post_type=product&#038;p=1284"},"modified":"2025-05-29T21:52:52","modified_gmt":"2025-05-29T19:52:52","slug":"la-rancon-de-la-desobeissance","status":"publish","type":"product","link":"https:\/\/aumbongui.com\/?product=la-rancon-de-la-desobeissance","title":{"rendered":"La ran\u00e7on de la d\u00e9sob\u00e9issance"},"content":{"rendered":"<p><em>La Ran\u00e7on de la d\u00e9sob\u00e9issance et autres contes du Mali<\/em> est un recueil de seize contes issus des pays bamanan et s\u00e9noufo qui mettent en avant certains probl\u00e8mes soci\u00e9taux comme la polygamie, le rejet social (Une vieille femme de malheur), mais aussi \u00e9tudient les m\u00e9faits de la d\u00e9sob\u00e9issance, de la vanit\u00e9, r\u00e9fl\u00e9chissent sur le pouvoir ( Les trois touffes de cheveux). Ces textes donnent acc\u00e8s \u00e0 un monde enracin\u00e9 dans la tradition mais qui, loin d&rsquo;\u00eatre fig\u00e9, s&rsquo;ouvre parfois sur une modernit\u00e9\u00a0 o\u00f9 les animaux voyagent en autocar et o\u00f9 l&rsquo;on d\u00e9couvre des le\u00e7ons de vie \u00e0 chaque crois\u00e9e des chemins.<\/p>\n<p>N&rsquo;Tji Idriss Mariko est n\u00e9 en pays bambara au Mali.Il a fait ses \u00e9tudes sup\u00e9rieures aux universit\u00e9s de Dakar et de Caen o\u00f9 il a obtenu un doctorat \u00e8s lettres. Il est professeur \u00e0 l&rsquo;Ecole normale sup\u00e9rieure et \u00e0 la facult\u00e9 des lettres, arts et sciences humaines de l&rsquo;universit\u00e9 du Mali<\/p>\n","protected":false},"excerpt":{"rendered":"<p>Auteur : <strong>N&rsquo;Tji Idriss MARIKO<\/strong><\/p>\n<p>Illustrations : <strong>Inna TOUR\u00c9<\/strong><\/p>\n<p>\u00c9diteur : <strong>Pr\u00e9sence Africaine <\/strong><\/p>\n","protected":false},"featured_media":1285,"comment_status":"open","ping_status":"closed","template":"","meta":[],"product_brand":[],"product_cat":[86,75],"product_tag":[],"class_list":{"0":"post-1284","1":"product","2":"type-product","3":"status-publish","4":"has-post-thumbnail","6":"product_cat-contes-kama-mon-afrique","7":"product_cat-kama-mon-afrique","8":"product_shipping_class-standard","10":"first","11":"instock","12":"shipping-taxable","13":"purchasable","14":"product-type-simple"},"_links":{"self":[{"href":"https:\/\/aumbongui.com\/index.php?rest_route=\/wp\/v2\/product\/1284","targetHints":{"allow":["GET"]}}],"collection":[{"href":"https:\/\/aumbongui.com\/index.php?rest_route=\/wp\/v2\/product"}],"about":[{"href":"https:\/\/aumbongui.com\/index.php?rest_route=\/wp\/v2\/types\/product"}],"replies":[{"embeddable":true,"href":"https:\/\/aumbongui.com\/index.php?rest_route=%2Fwp%2Fv2%2Fcomments&post=1284"}],"wp:featuredmedia":[{"embeddable":true,"href":"https:\/\/aumbongui.com\/index.php?rest_route=\/wp\/v2\/media\/1285"}],"wp:attachment":[{"href":"https:\/\/aumbongui.com\/index.php?rest_route=%2Fwp%2Fv2%2Fmedia&parent=1284"}],"wp:term":[{"taxonomy":"product_brand","embeddable":true,"href":"https:\/\/aumbongui.com\/index.php?rest_route=%2Fwp%2Fv2%2Fproduct_brand&post=1284"},{"taxonomy":"product_cat","embeddable":true,"href":"https:\/\/aumbongui.com\/index.php?rest_route=%2Fwp%2Fv2%2Fproduct_cat&post=1284"},{"taxonomy":"product_tag","embeddable":true,"href":"https:\/\/aumbongui.com\/index.php?rest_route=%2Fwp%2Fv2%2Fproduct_tag&post=1284"}],"curies":[{"name":"wp","href":"https:\/\/api.w.org\/{rel}","templated":true}]}}