{"id":1429,"date":"2021-12-07T19:36:03","date_gmt":"2021-12-07T18:36:03","guid":{"rendered":"https:\/\/aumbongui.catalog.ovh\/?post_type=product&#038;p=1429"},"modified":"2025-06-18T23:50:24","modified_gmt":"2025-06-18T21:50:24","slug":"le-corps-en-joie","status":"publish","type":"product","link":"https:\/\/aumbongui.com\/?product=le-corps-en-joie","title":{"rendered":"Le Corps en Joie"},"content":{"rendered":"<p>Des po\u00e8mes con\u00e7us en oracle pour s&rsquo;\u00e9couter&#8230;<\/p>\n<p>Des dessins et des mots pour le corps plus grand<\/p>\n<p>Le corps invit\u00e9 en tendresse \u00e0 faire alliance avec elle\u00a0\u00a0\u00a0\u00a0\u00a0\u00a0\u00a0\u00a0\u00a0\u00a0\u00a0 la Terre Po\u00e9tesse<\/p>\n<p>Les yeux ferm\u00e9s tirer une carte au hasard\u00a0 &#8230;\u00a0 contempler le dessin &#8230; prendre son temps dire les mots\u00a0 &#8230; go\u00fbter la m\u00e9lodie<\/p>\n<p>Recommencer peut-\u00eatre<\/p>\n<p>Laisser infuser\u00a0\u00a0\u00a0\u00a0\u00a0\u00a0 une joie est l\u00e0<\/p>\n<p>&nbsp;<\/p>\n<p>Fran\u00e7oise MARTIN-MARIE est Po\u00e8te et Artiste Peintre. <span class=\"color_29\">La peinture en \u00e9lan vital, <\/span><span class=\"color_29\">elle peint \u00e0 l&rsquo;acrylique avec ses mains, <\/span><span class=\"color_29\">ses cheveux, des brindilles, des cailloux&#8230; P<\/span><span class=\"color_29\">our elle la peinture jaillit, ressource, gu\u00e9rit, <\/span><span class=\"color_29\">c&rsquo;est son corps de femme qui ose, <\/span><span class=\"color_29\">la couleur ouvre le chemin <\/span><span class=\"color_29\">d&rsquo;une nouvelle danse possible avec la Terre. <\/span><span class=\"color_29\">Le dessin l&rsquo;accompagne depuis l&rsquo;enfance, <\/span><span class=\"color_29\">avec un passage vers l&rsquo;architecture, <\/span><span class=\"color_29\">elle a dessin\u00e9 des visages, des fa\u00e7ades, des meubles, <\/span><span class=\"color_29\">et puis son corps a eu besoin de s&rsquo;engager plus, <\/span><span class=\"color_29\">le corps en po\u00e9sie, <\/span><span class=\"color_29\">ses dessins ont pris une forme \u00e9pur\u00e9e, <\/span><span class=\"color_29\">un seul fil qui s&rsquo;\u00e9lance, bavarde, l&rsquo;inspire. <\/span><span class=\"color_29\">Elle \u00e9crit en po\u00e9sie comme elle dessine, <\/span><span class=\"color_29\">elle suit le fil.<\/span><\/p>\n","protected":false},"excerpt":{"rendered":"<p>Auteure : <strong>Fran\u00e7oise MARTIN-MARIE<\/strong><\/p>\n<p>Illustrations : <strong>Fran\u00e7oise MARTIN-MARIE<\/strong><\/p>\n","protected":false},"featured_media":1430,"comment_status":"open","ping_status":"closed","template":"","meta":[],"product_brand":[],"product_cat":[102,94],"product_tag":[],"class_list":{"0":"post-1429","1":"product","2":"type-product","3":"status-publish","4":"has-post-thumbnail","6":"product_cat-constellations","7":"product_cat-poesie-litterature-rare","8":"product_shipping_class-standard","10":"first","11":"instock","12":"shipping-taxable","13":"purchasable","14":"product-type-simple"},"_links":{"self":[{"href":"https:\/\/aumbongui.com\/index.php?rest_route=\/wp\/v2\/product\/1429","targetHints":{"allow":["GET"]}}],"collection":[{"href":"https:\/\/aumbongui.com\/index.php?rest_route=\/wp\/v2\/product"}],"about":[{"href":"https:\/\/aumbongui.com\/index.php?rest_route=\/wp\/v2\/types\/product"}],"replies":[{"embeddable":true,"href":"https:\/\/aumbongui.com\/index.php?rest_route=%2Fwp%2Fv2%2Fcomments&post=1429"}],"wp:featuredmedia":[{"embeddable":true,"href":"https:\/\/aumbongui.com\/index.php?rest_route=\/wp\/v2\/media\/1430"}],"wp:attachment":[{"href":"https:\/\/aumbongui.com\/index.php?rest_route=%2Fwp%2Fv2%2Fmedia&parent=1429"}],"wp:term":[{"taxonomy":"product_brand","embeddable":true,"href":"https:\/\/aumbongui.com\/index.php?rest_route=%2Fwp%2Fv2%2Fproduct_brand&post=1429"},{"taxonomy":"product_cat","embeddable":true,"href":"https:\/\/aumbongui.com\/index.php?rest_route=%2Fwp%2Fv2%2Fproduct_cat&post=1429"},{"taxonomy":"product_tag","embeddable":true,"href":"https:\/\/aumbongui.com\/index.php?rest_route=%2Fwp%2Fv2%2Fproduct_tag&post=1429"}],"curies":[{"name":"wp","href":"https:\/\/api.w.org\/{rel}","templated":true}]}}