{"id":3802,"date":"2022-11-25T13:24:59","date_gmt":"2022-11-25T12:24:59","guid":{"rendered":"https:\/\/aumbongui.com\/?post_type=product&#038;p=3802"},"modified":"2026-04-01T08:02:35","modified_gmt":"2026-04-01T06:02:35","slug":"rodham-willows-t-1-la-roue-de-la-fortune","status":"publish","type":"product","link":"https:\/\/aumbongui.com\/?product=rodham-willows-t-1-la-roue-de-la-fortune","title":{"rendered":"RODHAM WILLOWS T.1 La roue de la fortune"},"content":{"rendered":"<p>Nola s\u2019ennuie dans sa vie d\u2019\u00e9tudiante \u00e0 la fac de Rodham Willows.<\/p>\n<p>Les jours se suivent et se ressemblent. Tous ses amis ont d\u00e9j\u00e0 un travail et trouv\u00e9 leur voie, mais elle se sent de plus en plus perdue. Elle commence \u00e0 douter clairement de ses choix et de son avenir.<\/p>\n<p>Un jour, alors qu\u2019elle rejoint sa tante, \u00e0 son bureau, dans le plus grand quotidien de la ville, cette derni\u00e8re lui parle d\u2019une opportunit\u00e9 : devenir journaliste d\u00e9butante pour le groupe de presse. Pour Nola, cette perspective est une planche de salut qu\u2019elle saisit ! Elle doit \u00e9crire un article qu\u2019elle enverra \u00e0 sa tante avant la fin de la semaine afin de voir si elle peut convenir au poste.<\/p>\n<p>Partie en qu\u00eate d\u2019un sujet br\u00fblant, Nola tombe sur un scoop qui va changer sa vie et celle de ses amis \u00e0 tout jamais\u2026 Bienvenue \u00e0 Rodham Willows !<\/p>\n<p><strong><em>Illustratrice &amp; Auteure BD c\u00e9l\u00e9brissime, Makena est une Artiste Afro-Carib\u00e9enne autodidacte, passionn\u00e9e de dessin et de BD depuis sa plus tendre enfance.\u00a0Elle a eu des influences manga (Club Doroth\u00e9e Forever !), comics am\u00e9ricains (Wonder Woman, Batman, etc.) et elle a pass\u00e9 son enfance \u00e0 d\u00e9vorer J\u2019aime Lire et sa BD phare : Tom-Tom et Nana.\u00a0En 2013, Makena fait sa premi\u00e8re exposition, Transition cohortale d\u2019une Grognasse. Et en 2016, sa deuxi\u00e8me exposition TeeNalistic Art, orient\u00e9e Pop Culture, r\u00e9unit plus de 2 ans de travail.\u00a0En 2019, elle pr\u00e9sente sa troisi\u00e8me exposition personnelle, Karmic, r\u00e9unissant ses tableaux abstraits. En avril 2017, gr\u00e2ce au succ\u00e8s de sa campagne de financement participatif, Makena r\u00e9alise son r\u00eave d\u2019enfant en auto-\u00e9ditant son premier projet BD : Rodham Willows, un comics d&rsquo;aventure fantastique, o\u00f9 se m\u00ealent action, suspense et intrigues politiques. A travers son blog, elle r\u00e9alisait des interviews d\u2019Artistes et de professionnels de l\u2019industrie des comics, en France comme \u00e0 l\u2019\u00e9tranger (Montr\u00e9al, New-York, Bruxelles, etc.)\u00a0<\/em><\/strong><\/p>\n<p><strong><em>Makena est aujourd\u2019hui Coach cr\u00e9ative et elle accompagne les Artistes pour les aider \u00e0 s\u2019\u00e9panouir sur les plans personnel et cr\u00e9atif, \u00e0 travers du coaching, des formations en ligne.\u00a0Elle anime le podcast The Golden Artist Podcast, o\u00f9 elle partage son quotidien d\u2019Artiste professionnelle.<\/em><\/strong><\/p>\n","protected":false},"excerpt":{"rendered":"<p>Auteure : <strong>MAKENA<\/strong><\/p>\n<p>\u00c9diteur : Auto \u00e9dition<\/p>\n","protected":false},"featured_media":3803,"comment_status":"open","ping_status":"closed","template":"","meta":[],"product_brand":[],"product_cat":[74,76],"product_tag":[],"class_list":{"0":"post-3802","1":"product","2":"type-product","3":"status-publish","4":"has-post-thumbnail","6":"product_cat-bd-caraibes","7":"product_cat-caraibes","8":"product_shipping_class-standard","10":"first","11":"instock","12":"shipping-taxable","13":"purchasable","14":"product-type-simple"},"_links":{"self":[{"href":"https:\/\/aumbongui.com\/index.php?rest_route=\/wp\/v2\/product\/3802","targetHints":{"allow":["GET"]}}],"collection":[{"href":"https:\/\/aumbongui.com\/index.php?rest_route=\/wp\/v2\/product"}],"about":[{"href":"https:\/\/aumbongui.com\/index.php?rest_route=\/wp\/v2\/types\/product"}],"replies":[{"embeddable":true,"href":"https:\/\/aumbongui.com\/index.php?rest_route=%2Fwp%2Fv2%2Fcomments&post=3802"}],"wp:featuredmedia":[{"embeddable":true,"href":"https:\/\/aumbongui.com\/index.php?rest_route=\/wp\/v2\/media\/3803"}],"wp:attachment":[{"href":"https:\/\/aumbongui.com\/index.php?rest_route=%2Fwp%2Fv2%2Fmedia&parent=3802"}],"wp:term":[{"taxonomy":"product_brand","embeddable":true,"href":"https:\/\/aumbongui.com\/index.php?rest_route=%2Fwp%2Fv2%2Fproduct_brand&post=3802"},{"taxonomy":"product_cat","embeddable":true,"href":"https:\/\/aumbongui.com\/index.php?rest_route=%2Fwp%2Fv2%2Fproduct_cat&post=3802"},{"taxonomy":"product_tag","embeddable":true,"href":"https:\/\/aumbongui.com\/index.php?rest_route=%2Fwp%2Fv2%2Fproduct_tag&post=3802"}],"curies":[{"name":"wp","href":"https:\/\/api.w.org\/{rel}","templated":true}]}}