{"id":3922,"date":"2022-12-13T15:12:29","date_gmt":"2022-12-13T14:12:29","guid":{"rendered":"https:\/\/aumbongui.com\/?post_type=product&#038;p=3922"},"modified":"2025-05-30T02:57:46","modified_gmt":"2025-05-30T00:57:46","slug":"la-brebis-galeuse-tome-1","status":"publish","type":"product","link":"https:\/\/aumbongui.com\/?product=la-brebis-galeuse-tome-1","title":{"rendered":"La brebis galeuse &#8211; tome 1"},"content":{"rendered":"<p class=\"font_8\">Quand on est n\u00e9e brebis au c\u0153ur d&rsquo;un troupeau, qu&rsquo;on est destin\u00e9e \u00e0 la production laiti\u00e8re jusqu&rsquo;\u00e0 l&rsquo;heure de la boucherie, ne peut-on, parfois, avoir envie de ruer dans les brancards ?<\/p>\n<p class=\"font_8\">Entour\u00e9e d&rsquo;\u00e9go\u00efstes gr\u00e9gaires et serviles qui, dans une navrante docilit\u00e9, confondent satisfaction et bonheur, la rebelle du troupeau lutte pour une vie digne. Refusant en bloc la traite, la tonte et m\u00eame les b\u00e9liers, elle se dresse sur la t\u00eate une cr\u00eate d&rsquo;Iroquois. Dans sa r\u00e9volte, elle trouve comme alli\u00e9s un berger punko altermondialiste et un vautour philosophe qui l&rsquo;initient \u00e0 la pens\u00e9e critique&#8230; Mais son probl\u00e8me reste entier : parviendra-t-elle \u00e0 \u00e9chapper au fourgon du maquignon ?<\/p>\n","protected":false},"excerpt":{"rendered":"<p>Auteure dessinatrice : <strong>Muriel LACAN<\/strong><\/p>\n<p>Editeur : <strong>\u00e9ditions du Larzac<\/strong><\/p>\n","protected":false},"featured_media":3899,"comment_status":"open","ping_status":"closed","template":"","meta":[],"product_brand":[],"product_cat":[152,102],"product_tag":[],"class_list":{"0":"post-3922","1":"product","2":"type-product","3":"status-publish","4":"has-post-thumbnail","6":"product_cat-bd","7":"product_cat-constellations","8":"product_shipping_class-standard","10":"first","11":"instock","12":"shipping-taxable","13":"purchasable","14":"product-type-simple"},"_links":{"self":[{"href":"https:\/\/aumbongui.com\/index.php?rest_route=\/wp\/v2\/product\/3922","targetHints":{"allow":["GET"]}}],"collection":[{"href":"https:\/\/aumbongui.com\/index.php?rest_route=\/wp\/v2\/product"}],"about":[{"href":"https:\/\/aumbongui.com\/index.php?rest_route=\/wp\/v2\/types\/product"}],"replies":[{"embeddable":true,"href":"https:\/\/aumbongui.com\/index.php?rest_route=%2Fwp%2Fv2%2Fcomments&post=3922"}],"wp:featuredmedia":[{"embeddable":true,"href":"https:\/\/aumbongui.com\/index.php?rest_route=\/wp\/v2\/media\/3899"}],"wp:attachment":[{"href":"https:\/\/aumbongui.com\/index.php?rest_route=%2Fwp%2Fv2%2Fmedia&parent=3922"}],"wp:term":[{"taxonomy":"product_brand","embeddable":true,"href":"https:\/\/aumbongui.com\/index.php?rest_route=%2Fwp%2Fv2%2Fproduct_brand&post=3922"},{"taxonomy":"product_cat","embeddable":true,"href":"https:\/\/aumbongui.com\/index.php?rest_route=%2Fwp%2Fv2%2Fproduct_cat&post=3922"},{"taxonomy":"product_tag","embeddable":true,"href":"https:\/\/aumbongui.com\/index.php?rest_route=%2Fwp%2Fv2%2Fproduct_tag&post=3922"}],"curies":[{"name":"wp","href":"https:\/\/api.w.org\/{rel}","templated":true}]}}