{"id":3930,"date":"2022-12-13T15:25:16","date_gmt":"2022-12-13T14:25:16","guid":{"rendered":"https:\/\/aumbongui.com\/?post_type=product&#038;p=3930"},"modified":"2022-12-13T15:26:27","modified_gmt":"2022-12-13T14:26:27","slug":"la-brebis-galeuse-tome-3","status":"publish","type":"product","link":"https:\/\/aumbongui.com\/?product=la-brebis-galeuse-tome-3","title":{"rendered":"La brebis galeuse &#8211; tome 3"},"content":{"rendered":"<p class=\"font_8\">Ultime tome de la trilogie, Do\u00f1a Brebis de la Mancha voit Brebis Galeuse s&rsquo;installer chez les Z&rsquo;apaches du Mas des S\u00f2mis. La rebelle du troupeau trouve enfin sa place parmi ces alternatifs joyeux et d\u00e9lur\u00e9s. C&rsquo;est alors que, menac\u00e9s d&rsquo;expulsion par un projet industriel, les Z&rsquo;apaches rentrent en lutte, vite rejoints par tous les alternatifs des environs.<\/p>\n<p class=\"font_8\">Devenue com\u00e9dienne, Brebis Galeuse interpr\u00e9tera \u00ab\u00a0Progr\u00e8s\u00a0\u00bb aux c\u00f4t\u00e9s de \u00ab\u00a0Techno\u00a0\u00bb et \u00ab\u00a0Croissance\u00a0\u00bb dans la pi\u00e8ce de th\u00e9\u00e2tre d\u00e9jant\u00e9e \u00ab\u00a0Gloire \u00e0 la Sainte-Trinit\u00e9\u00a0\u00bb. Sur la place du village, les habitants du Causse du Milieu prennent alors conscience des manigances juteuses des membres du Comig. Parviendront-ils \u00e0 faire valoir leurs droits\u00a0 et \u00e0 r\u00e9tablir la justice ?&#8230;<\/p>\n<p class=\"font_8\">De quoi donner \u00e0 Brebis Galeuse l&rsquo;occasion de finir en beaut\u00e9.<\/p>\n","protected":false},"excerpt":{"rendered":"<p>Auteure dessinatrice : <strong>Muriel LACAN<\/strong><\/p>\n<p>Editeur : <strong>\u00e9ditions du Larzac<\/strong><\/p>\n","protected":false},"featured_media":3910,"comment_status":"open","ping_status":"closed","template":"","meta":[],"product_brand":[],"product_cat":[152,102],"product_tag":[],"class_list":{"0":"post-3930","1":"product","2":"type-product","3":"status-publish","4":"has-post-thumbnail","6":"product_cat-bd","7":"product_cat-constellations","8":"product_shipping_class-standard","10":"first","11":"instock","12":"shipping-taxable","13":"purchasable","14":"product-type-simple"},"_links":{"self":[{"href":"https:\/\/aumbongui.com\/index.php?rest_route=\/wp\/v2\/product\/3930","targetHints":{"allow":["GET"]}}],"collection":[{"href":"https:\/\/aumbongui.com\/index.php?rest_route=\/wp\/v2\/product"}],"about":[{"href":"https:\/\/aumbongui.com\/index.php?rest_route=\/wp\/v2\/types\/product"}],"replies":[{"embeddable":true,"href":"https:\/\/aumbongui.com\/index.php?rest_route=%2Fwp%2Fv2%2Fcomments&post=3930"}],"wp:featuredmedia":[{"embeddable":true,"href":"https:\/\/aumbongui.com\/index.php?rest_route=\/wp\/v2\/media\/3910"}],"wp:attachment":[{"href":"https:\/\/aumbongui.com\/index.php?rest_route=%2Fwp%2Fv2%2Fmedia&parent=3930"}],"wp:term":[{"taxonomy":"product_brand","embeddable":true,"href":"https:\/\/aumbongui.com\/index.php?rest_route=%2Fwp%2Fv2%2Fproduct_brand&post=3930"},{"taxonomy":"product_cat","embeddable":true,"href":"https:\/\/aumbongui.com\/index.php?rest_route=%2Fwp%2Fv2%2Fproduct_cat&post=3930"},{"taxonomy":"product_tag","embeddable":true,"href":"https:\/\/aumbongui.com\/index.php?rest_route=%2Fwp%2Fv2%2Fproduct_tag&post=3930"}],"curies":[{"name":"wp","href":"https:\/\/api.w.org\/{rel}","templated":true}]}}