{"id":4199,"date":"2023-09-09T16:46:02","date_gmt":"2023-09-09T14:46:02","guid":{"rendered":"https:\/\/aumbongui.com\/?post_type=product&#038;p=4199"},"modified":"2023-09-09T17:14:45","modified_gmt":"2023-09-09T15:14:45","slug":"terre-ceinte","status":"publish","type":"product","link":"https:\/\/aumbongui.com\/?product=terre-ceinte","title":{"rendered":"TERRE CEINTE"},"content":{"rendered":"<p>\u00c0 Kalep, ville du Sumal d\u00e9sormais contr\u00f4l\u00e9e par le pouvoir brutal des islamistes, deux jeunes sont ex\u00e9cut\u00e9s pour avoir entretenu une relation amoureuse.<br \/>\nDes r\u00e9sistants tentent de s\u2019opposer \u00e0 ce nouvel ordre du monde en publiant un journal clandestin. D\u00e9fi lanc\u00e9 au chef de la police islamique dans un climat de tension insoutenable qui met en \u00e9vidence des contradictions et brouille tous les rep\u00e8res sociaux. Mais la vie, \u00e0 sa fa\u00e7on myst\u00e9rieuse, reprend toujours ses droits.<br \/>\nTerre ceinte met en sc\u00e8ne des personnages enferm\u00e9s dans un climat de violence. L\u2019\u00e9crivain s\u00e9n\u00e9galais en profite pour interroger les notions de courage et de l\u00e2chet\u00e9, d\u2019h\u00e9ro\u00efsme et de peur, de responsabilit\u00e9 et de v\u00e9rit\u00e9. \u00c0 travers des dialogues \u00e9tonnamment vibrants, des temps narratifs puissants, la correspondance \u00e9chang\u00e9e par les m\u00e8res des deux victimes, s\u2019\u00e9labore une r\u00e9flexion contemporaine sur\u00a0une situation de terreur.<\/p>\n<ul>\n<li>PRIX AHMADOU KOUROUMA 2015<\/li>\n<li>GRAND PRIX DU ROMAN METIS 2015<\/li>\n<li>FRENCH VOICES AWARD 2017<\/li>\n<\/ul>\n<p><em>N\u00e9 au S\u00e9n\u00e9gal en 1990, Mohamed Mbougar Sarr est l\u2019a\u00een\u00e9 d\u2019une famille de sept gar\u00e7ons. Il int\u00e8gre le Prytan\u00e9e militaire de Saint-Louis du S\u00e9n\u00e9gal en 2002. Meilleur \u00e9l\u00e8ve des classes de Terminale au Concours g\u00e9n\u00e9ral de 2009 (1er Prix de Philosophie, 1er Prix d\u2019Histoire, 2e Prix de G\u00e9ographie), laur\u00e9at du prix St\u00e9phane Hessel pour sa nouvelle\u00a0La cale (2014), puis du Prix Ahmadou Kourouma et du Grand Prix du Roman m\u00e9tis (2015), il a \u00e9t\u00e9 \u00e9lev\u00e9 au rang de Chevalier de l\u2019Ordre national du M\u00e9rite par le Pr\u00e9sident de la R\u00e9publique du S\u00e9n\u00e9gal. Apr\u00e8s des \u00e9tudes en classes pr\u00e9paratoires litt\u00e9raires, il poursuit en France son cursus \u00e0 l\u2019Ecole des Hautes Etudes en Sciences sociales tout en confirmant son go\u00fbt pour la litt\u00e9rature et la philosophie. Il est le premier \u00e9crivain d&rsquo;Afrique Noire a remporter le Prix Goncourt en 2021 avec le roman <strong>\u00ab\u00a0La plus secr\u00e8te m\u00e9moire des hommes\u00a0\u00bb<\/strong>.<\/em><\/p>\n","protected":false},"excerpt":{"rendered":"<p>Roman SENEGAL<\/p>\n<p>Auteur : <strong>Mohamed MBOUGAR SARR<\/strong><\/p>\n<p>Editeur : <strong>Pr\u00e9sence Africaine<\/strong><\/p>\n","protected":false},"featured_media":4200,"comment_status":"open","ping_status":"closed","template":"","meta":[],"product_brand":[],"product_cat":[75,91],"product_tag":[],"class_list":{"0":"post-4199","1":"product","2":"type-product","3":"status-publish","4":"has-post-thumbnail","6":"product_cat-kama-mon-afrique","7":"product_cat-litterature-generale-kama-mon-afrique","8":"product_shipping_class-standard","10":"first","11":"instock","12":"shipping-taxable","13":"purchasable","14":"product-type-simple"},"_links":{"self":[{"href":"https:\/\/aumbongui.com\/index.php?rest_route=\/wp\/v2\/product\/4199","targetHints":{"allow":["GET"]}}],"collection":[{"href":"https:\/\/aumbongui.com\/index.php?rest_route=\/wp\/v2\/product"}],"about":[{"href":"https:\/\/aumbongui.com\/index.php?rest_route=\/wp\/v2\/types\/product"}],"replies":[{"embeddable":true,"href":"https:\/\/aumbongui.com\/index.php?rest_route=%2Fwp%2Fv2%2Fcomments&post=4199"}],"wp:featuredmedia":[{"embeddable":true,"href":"https:\/\/aumbongui.com\/index.php?rest_route=\/wp\/v2\/media\/4200"}],"wp:attachment":[{"href":"https:\/\/aumbongui.com\/index.php?rest_route=%2Fwp%2Fv2%2Fmedia&parent=4199"}],"wp:term":[{"taxonomy":"product_brand","embeddable":true,"href":"https:\/\/aumbongui.com\/index.php?rest_route=%2Fwp%2Fv2%2Fproduct_brand&post=4199"},{"taxonomy":"product_cat","embeddable":true,"href":"https:\/\/aumbongui.com\/index.php?rest_route=%2Fwp%2Fv2%2Fproduct_cat&post=4199"},{"taxonomy":"product_tag","embeddable":true,"href":"https:\/\/aumbongui.com\/index.php?rest_route=%2Fwp%2Fv2%2Fproduct_tag&post=4199"}],"curies":[{"name":"wp","href":"https:\/\/api.w.org\/{rel}","templated":true}]}}