{"id":4304,"date":"2023-09-13T19:06:07","date_gmt":"2023-09-13T17:06:07","guid":{"rendered":"https:\/\/aumbongui.com\/?post_type=product&#038;p=4304"},"modified":"2026-03-18T23:49:52","modified_gmt":"2026-03-18T22:49:52","slug":"la-cuisine-de-ya-foufou","status":"publish","type":"product","link":"https:\/\/aumbongui.com\/?product=la-cuisine-de-ya-foufou","title":{"rendered":"La cuisine de Ya Foufou"},"content":{"rendered":"<p>Ya foufou vit dans le village de Bik\u00e9ri, au Congo-Brazzaville. Il d\u00e9cide un jour d&rsquo;aller chercher du travail \u00e0 Brazzaville, la capitale. Il est embauch\u00e9 comme chef cuisinier dans un restaurant. Il revient de temps en temps \u00e0 Bik\u00e9ri. Il profite de l&rsquo;occasion pour demander aux femmes du village de lui apprendre la cuisine traditionnelle. Ya foufou note toutes les recettes dans un cahier. Ma-Tch\u00e9ch\u00e9 le Li\u00e8vre soup\u00e7onne Ya foufou de mentir et de ne pas travailler comme chef cuisinier dans un restaurant \u00e0 Brazzaville. A-t-il raison ?<\/p>\n<p><em>Patrick Serge Boutsindi est n\u00e9 au Congo-Brazzaville. Publi\u00e9 chez L&rsquo;Harmattan, il est auteur de plusieurs recueils de nouvelles, de romans et un essai.<\/em><\/p>\n","protected":false},"excerpt":{"rendered":"<p>Contes du CONGO BRAZZAVILLE<\/p>\n<p>Auteure : <strong>Patrick Serge BOUTSINDI<\/strong><\/p>\n<p>Editeur : <strong>L&rsquo;HARMATTAN<\/strong><\/p>\n","protected":false},"featured_media":4302,"comment_status":"open","ping_status":"closed","template":"","meta":[],"product_brand":[],"product_cat":[86,75],"product_tag":[],"class_list":{"0":"post-4304","1":"product","2":"type-product","3":"status-publish","4":"has-post-thumbnail","6":"product_cat-contes-kama-mon-afrique","7":"product_cat-kama-mon-afrique","8":"product_shipping_class-standard","10":"first","11":"instock","12":"shipping-taxable","13":"purchasable","14":"product-type-simple"},"_links":{"self":[{"href":"https:\/\/aumbongui.com\/index.php?rest_route=\/wp\/v2\/product\/4304","targetHints":{"allow":["GET"]}}],"collection":[{"href":"https:\/\/aumbongui.com\/index.php?rest_route=\/wp\/v2\/product"}],"about":[{"href":"https:\/\/aumbongui.com\/index.php?rest_route=\/wp\/v2\/types\/product"}],"replies":[{"embeddable":true,"href":"https:\/\/aumbongui.com\/index.php?rest_route=%2Fwp%2Fv2%2Fcomments&post=4304"}],"wp:featuredmedia":[{"embeddable":true,"href":"https:\/\/aumbongui.com\/index.php?rest_route=\/wp\/v2\/media\/4302"}],"wp:attachment":[{"href":"https:\/\/aumbongui.com\/index.php?rest_route=%2Fwp%2Fv2%2Fmedia&parent=4304"}],"wp:term":[{"taxonomy":"product_brand","embeddable":true,"href":"https:\/\/aumbongui.com\/index.php?rest_route=%2Fwp%2Fv2%2Fproduct_brand&post=4304"},{"taxonomy":"product_cat","embeddable":true,"href":"https:\/\/aumbongui.com\/index.php?rest_route=%2Fwp%2Fv2%2Fproduct_cat&post=4304"},{"taxonomy":"product_tag","embeddable":true,"href":"https:\/\/aumbongui.com\/index.php?rest_route=%2Fwp%2Fv2%2Fproduct_tag&post=4304"}],"curies":[{"name":"wp","href":"https:\/\/api.w.org\/{rel}","templated":true}]}}