{"id":4415,"date":"2023-11-14T21:04:24","date_gmt":"2023-11-14T20:04:24","guid":{"rendered":"https:\/\/aumbongui.com\/?post_type=product&#038;p=4415"},"modified":"2026-04-01T08:03:28","modified_gmt":"2026-04-01T06:03:28","slug":"thomas-sankara-recueil-de-textes","status":"publish","type":"product","link":"https:\/\/aumbongui.com\/?product=thomas-sankara-recueil-de-textes","title":{"rendered":"THOMAS SANKARA &#8211; Recueil de textes"},"content":{"rendered":"<p>N\u00e9 en Haute-Volta (Burkina Faso) en 1949, Thomas Sankara s&rsquo;engage dans une carri\u00e8re militaire, tout en s&rsquo;effor\u00e7ant de rester au contact des r\u00e9alit\u00e9s v\u00e9cues par son peuple. Il est port\u00e9 \u00e0 la t\u00eate du pays, dont il changera le nom en Burkina Faso (pays des hommes int\u00e8gres) en 1983, suite \u00e0 un soul\u00e8vement de jeunes officiers, en alliance avec des organisations clandestines marxistes. Il va diriger la r\u00e9volution \u00ab d\u00e9mocratique et populaire \u00bb, jusqu&rsquo;\u00e0 son assassinat en 1987. Il met fin \u00e0 la corruption, exp\u00e9rimente un nouveau mod\u00e8le bas\u00e9 sur l&rsquo;autod\u00e9veloppement et fixe comme objectif principal d&rsquo;am\u00e9liorer les conditions de vie de son peuple. Trop vite interrompue, la r\u00e9volution compte cependant de nombreux succ\u00e8s \u00e0 son actif gr\u00e2ce, entre autres, au charisme, \u00e0 la clairvoyance de Thomas Sankara, mais aussi \u00e0 la confiance et \u00e0 la fiert\u00e9 qu&rsquo;il avait r\u00e9ussi, par son engagement, \u00e0 donner \u00e0 son peuple. Ce petit livre pr\u00e9sente quelques-uns des discours les plus importants de Thomas Sankara, notamment sur la dette, la lib\u00e9ration des femmes, les tribunaux populaires de la r\u00e9volution, la protection de l&rsquo;environnement, l&rsquo;\u00e9mancipation du peuple burkinab\u00e9 et le d\u00e9veloppement autocentr\u00e9.<\/p>\n<p>&nbsp;<\/p>\n<p><em><b>Bruno Jaffr\u00e9<\/b> est un ing\u00e9nieur de recherche fran\u00e7ais \u00e0 la retraite, essayiste, historien et biographe. Il s&rsquo;int\u00e9resse particuli\u00e8rement \u00e0 l&rsquo;histoire politique du Burkina Faso et la r\u00e9volution de 1986 \u00e0 1987. Militant et membre de l&rsquo;association SURVIE, il anime sur M\u00e9diapart un blog consacr\u00e9 \u00e0 la campagne \u00ab\u00a0Justice pour Thomas Sankara Justice pour l&rsquo;Afrique\u00a0\u00bb.<\/em><\/p>\n","protected":false},"excerpt":{"rendered":"<p>Tr\u00e9sors du BURKINA FASO<\/p>\n<p>Auteur : <strong>Bruno JAFFR\u00c9<\/strong><\/p>\n<p>\u00c9diteur : <strong>Centre Europe &#8211; Tiers Monde<\/strong><\/p>\n","protected":false},"featured_media":4416,"comment_status":"open","ping_status":"closed","template":"","meta":[],"product_brand":[],"product_cat":[90,75],"product_tag":[],"class_list":{"0":"post-4415","1":"product","2":"type-product","3":"status-publish","4":"has-post-thumbnail","6":"product_cat-histoiresociete-kama-mon-afrique","7":"product_cat-kama-mon-afrique","8":"product_shipping_class-standard","10":"first","11":"instock","12":"shipping-taxable","13":"purchasable","14":"product-type-simple"},"_links":{"self":[{"href":"https:\/\/aumbongui.com\/index.php?rest_route=\/wp\/v2\/product\/4415","targetHints":{"allow":["GET"]}}],"collection":[{"href":"https:\/\/aumbongui.com\/index.php?rest_route=\/wp\/v2\/product"}],"about":[{"href":"https:\/\/aumbongui.com\/index.php?rest_route=\/wp\/v2\/types\/product"}],"replies":[{"embeddable":true,"href":"https:\/\/aumbongui.com\/index.php?rest_route=%2Fwp%2Fv2%2Fcomments&post=4415"}],"wp:featuredmedia":[{"embeddable":true,"href":"https:\/\/aumbongui.com\/index.php?rest_route=\/wp\/v2\/media\/4416"}],"wp:attachment":[{"href":"https:\/\/aumbongui.com\/index.php?rest_route=%2Fwp%2Fv2%2Fmedia&parent=4415"}],"wp:term":[{"taxonomy":"product_brand","embeddable":true,"href":"https:\/\/aumbongui.com\/index.php?rest_route=%2Fwp%2Fv2%2Fproduct_brand&post=4415"},{"taxonomy":"product_cat","embeddable":true,"href":"https:\/\/aumbongui.com\/index.php?rest_route=%2Fwp%2Fv2%2Fproduct_cat&post=4415"},{"taxonomy":"product_tag","embeddable":true,"href":"https:\/\/aumbongui.com\/index.php?rest_route=%2Fwp%2Fv2%2Fproduct_tag&post=4415"}],"curies":[{"name":"wp","href":"https:\/\/api.w.org\/{rel}","templated":true}]}}