{"id":4477,"date":"2024-01-18T18:31:44","date_gmt":"2024-01-18T17:31:44","guid":{"rendered":"https:\/\/aumbongui.com\/?post_type=product&#038;p=4477"},"modified":"2026-04-12T18:23:56","modified_gmt":"2026-04-12T16:23:56","slug":"ecritures-africaines-esthetique-et-fonction-des-ecritures-dogon-bamana-et-senoufo","status":"publish","type":"product","link":"https:\/\/aumbongui.com\/?product=ecritures-africaines-esthetique-et-fonction-des-ecritures-dogon-bamana-et-senoufo","title":{"rendered":"Ecritures Africaines &#8211; Esth\u00e9tique et fonction des \u00e9critures Dogon Bamana et S\u00e9noufo"},"content":{"rendered":"<p>Premi\u00e8re \u00e9tape vers une reconnaissance des \u00e9critures africaines, l&rsquo;auteur nous apprend \u00e0 d\u00e9celer, analyser et comprendre des \u00e9critures traditionnelles d&rsquo;Afrique (du Mali et de la C\u00f4te d&rsquo;Ivoire) ant\u00e9rieures au XXe si\u00e8cle. Les textes d&rsquo;historiens, ethnologues, linguistes et s\u00e9mioticiens sont \u00e9tudi\u00e9s dans une perspective historique correspondant \u00e0 l&rsquo;\u00e9volution des mentalit\u00e9s sur le sujet. Porte entrouverte sur une litt\u00e9rature encore totalement inconnue de l&rsquo;Occident, ce livre autorise un v\u00e9ritable d\u00e9but de lecture des signes africains.<\/p>\n<p><em>Nadine Martinez est Docteur en art et en sciences de l&rsquo;art, sp\u00e9cialit\u00e9 esth\u00e9tique (Paris I), sp\u00e9cialis\u00e9e en ethno-esth\u00e9tique. Elle consacre particuli\u00e8rement ses recherches aux arts du continent africain.<\/em><\/p>\n","protected":false},"excerpt":{"rendered":"<p>Auteure : <strong>Nadine\u00a0MARTINEZ<\/strong><\/p>\n<p>Editeur : <strong>L&rsquo;HARMATTAN<\/strong><\/p>\n","protected":false},"featured_media":4478,"comment_status":"open","ping_status":"closed","template":"","meta":[],"product_brand":[],"product_cat":[90,75],"product_tag":[],"class_list":{"0":"post-4477","1":"product","2":"type-product","3":"status-publish","4":"has-post-thumbnail","6":"product_cat-histoiresociete-kama-mon-afrique","7":"product_cat-kama-mon-afrique","8":"product_shipping_class-standard","10":"first","11":"instock","12":"shipping-taxable","13":"purchasable","14":"product-type-simple"},"_links":{"self":[{"href":"https:\/\/aumbongui.com\/index.php?rest_route=\/wp\/v2\/product\/4477","targetHints":{"allow":["GET"]}}],"collection":[{"href":"https:\/\/aumbongui.com\/index.php?rest_route=\/wp\/v2\/product"}],"about":[{"href":"https:\/\/aumbongui.com\/index.php?rest_route=\/wp\/v2\/types\/product"}],"replies":[{"embeddable":true,"href":"https:\/\/aumbongui.com\/index.php?rest_route=%2Fwp%2Fv2%2Fcomments&post=4477"}],"wp:featuredmedia":[{"embeddable":true,"href":"https:\/\/aumbongui.com\/index.php?rest_route=\/wp\/v2\/media\/4478"}],"wp:attachment":[{"href":"https:\/\/aumbongui.com\/index.php?rest_route=%2Fwp%2Fv2%2Fmedia&parent=4477"}],"wp:term":[{"taxonomy":"product_brand","embeddable":true,"href":"https:\/\/aumbongui.com\/index.php?rest_route=%2Fwp%2Fv2%2Fproduct_brand&post=4477"},{"taxonomy":"product_cat","embeddable":true,"href":"https:\/\/aumbongui.com\/index.php?rest_route=%2Fwp%2Fv2%2Fproduct_cat&post=4477"},{"taxonomy":"product_tag","embeddable":true,"href":"https:\/\/aumbongui.com\/index.php?rest_route=%2Fwp%2Fv2%2Fproduct_tag&post=4477"}],"curies":[{"name":"wp","href":"https:\/\/api.w.org\/{rel}","templated":true}]}}