{"id":4491,"date":"2024-01-26T20:29:15","date_gmt":"2024-01-26T19:29:15","guid":{"rendered":"https:\/\/aumbongui.com\/?post_type=product&#038;p=4491"},"modified":"2026-03-28T20:59:44","modified_gmt":"2026-03-28T19:59:44","slug":"cantates-du-soir-petits-pieds-ginkgo","status":"publish","type":"product","link":"https:\/\/aumbongui.com\/?product=cantates-du-soir-petits-pieds-ginkgo","title":{"rendered":"Cantates du soir &#038; Petits pieds Ginkgo"},"content":{"rendered":"<p><strong>\u00ab J\u2019entends les myst\u00e8res<\/strong><br \/>\n<strong>de mon nom v\u00e9ritable<\/strong><\/p>\n<p><strong>Incantations lyriques<\/strong><\/p>\n<p><strong>Oraisons de l\u2019\u00e2me basculant <\/strong><br \/>\n<strong>dans le flou en \u00e9bullition<\/strong><\/p>\n<p><strong>Un flot v\u00e9g\u00e9tal de l\u2019espace \u00bb.<\/strong><\/p>\n<p>&nbsp;<\/p>\n<p style=\"text-align: left;\"><em>Po\u00e8te, libraire, \u00e9diteur, slameur, Ash en clinique psychiatrique, plongeur en restauration, auxiliaire de vie, <\/em><em>ancien \u00e9tudiant en microbiologie&#8230; Marcel CAMILL\u2019 <\/em><br \/>\n<em>explore plusieurs vies \u00e0 la fa\u00e7on des r\u00eaves qu\u2019il arpente <\/em><em>la nuit et dont les textes que voici constituent pour <\/em><em>certains, des retranscriptions de diff\u00e9rentes sensations, <\/em><br \/>\n<em>diff\u00e9rents univers&#8230;<\/em><\/p>\n","protected":false},"excerpt":{"rendered":"<p>Auteur : <strong>Marcel CAMILL&rsquo;<\/strong><\/p>\n<p>Illustrations des textes : <strong>Maria PALKO<\/strong><\/p>\n<p>Editeur : <strong>\u00e9ditions AU MBONGUI<\/strong><\/p>\n","protected":false},"featured_media":4492,"comment_status":"open","ping_status":"closed","template":"","meta":[],"product_brand":[],"product_cat":[75,87],"product_tag":[],"class_list":{"0":"post-4491","1":"product","2":"type-product","3":"status-publish","4":"has-post-thumbnail","6":"product_cat-kama-mon-afrique","7":"product_cat-poesie-kama-mon-afrique","8":"product_shipping_class-standard","10":"first","11":"instock","12":"shipping-taxable","13":"purchasable","14":"product-type-simple"},"_links":{"self":[{"href":"https:\/\/aumbongui.com\/index.php?rest_route=\/wp\/v2\/product\/4491","targetHints":{"allow":["GET"]}}],"collection":[{"href":"https:\/\/aumbongui.com\/index.php?rest_route=\/wp\/v2\/product"}],"about":[{"href":"https:\/\/aumbongui.com\/index.php?rest_route=\/wp\/v2\/types\/product"}],"replies":[{"embeddable":true,"href":"https:\/\/aumbongui.com\/index.php?rest_route=%2Fwp%2Fv2%2Fcomments&post=4491"}],"wp:featuredmedia":[{"embeddable":true,"href":"https:\/\/aumbongui.com\/index.php?rest_route=\/wp\/v2\/media\/4492"}],"wp:attachment":[{"href":"https:\/\/aumbongui.com\/index.php?rest_route=%2Fwp%2Fv2%2Fmedia&parent=4491"}],"wp:term":[{"taxonomy":"product_brand","embeddable":true,"href":"https:\/\/aumbongui.com\/index.php?rest_route=%2Fwp%2Fv2%2Fproduct_brand&post=4491"},{"taxonomy":"product_cat","embeddable":true,"href":"https:\/\/aumbongui.com\/index.php?rest_route=%2Fwp%2Fv2%2Fproduct_cat&post=4491"},{"taxonomy":"product_tag","embeddable":true,"href":"https:\/\/aumbongui.com\/index.php?rest_route=%2Fwp%2Fv2%2Fproduct_tag&post=4491"}],"curies":[{"name":"wp","href":"https:\/\/api.w.org\/{rel}","templated":true}]}}