{"id":468,"date":"2021-05-27T19:44:22","date_gmt":"2021-05-27T17:44:22","guid":{"rendered":"https:\/\/aumbongui.com\/?post_type=product&#038;p=468"},"modified":"2023-09-10T02:46:07","modified_gmt":"2023-09-10T00:46:07","slug":"ecrits-noirs-encre-rouge","status":"publish","type":"product","link":"https:\/\/aumbongui.com\/?product=ecrits-noirs-encre-rouge","title":{"rendered":"\u00c9crits noirs, Encre rouge"},"content":{"rendered":"<div class=\"woocommerce-product-details__short-description\">\n<p>\u00c9crire un recueil noir en 2018\u2026 pour \u00e9voquer quoi ? La p\u00e9nombre de<br \/>\nl\u2019antichambre du pays des droits de l\u2019homme ? Le contrat social qu\u2019instaure une<br \/>\nmatraque en p\u00e9n\u00e9trant l\u2019anus d\u2019un citoyen lors d\u2019un banal contr\u00f4le de police, sous<br \/>\nl\u2019objectif confus des cam\u00e9ras ? Ou peut-\u00eatre cette histoire de petit n\u00e8gre affubl\u00e9 de l\u2019une des plus tristes \u00e9tiquettes commerciales : \u00ab LE PLUS COOL DES SINGES DE LA JUNGLE \u00bb ceci afin de faire le buzz et doper les ventes d\u2019une marque su\u00e9doise pendant les soldes d\u2019hiver\u2026<br \/>\nDes \u00e9crits noirs pour marquer des tonnes de pages blanches sur une r\u00e9alit\u00e9 africaine tr\u00e8s dense et que l\u2019on feint d\u2019ignorer, alors que se multiplient les dossiers sombres sur la sanglante Fran\u00e7afrique.<br \/>\nEt aussi des \u00e9crits noirs pour ces march\u00e9s n\u00e9griers en Libye, r\u00e9nov\u00e9s gr\u00e2ce aux<br \/>\nguerres humanitaires des grandes d\u00e9mocraties europ\u00e9ennes. Des \u00e9crits noirs puisque le temps n\u2019a jamais \u00e9clairci la notion de valeur d\u2019une vie\u2026 peu importe la couleur de peau.<\/p>\n<p>(PRIX AIM\u00c9 C\u00c9SAIRE 2018 de la Soci\u00e9t\u00e9 des Po\u00e8tes Fran\u00e7ais)<\/p>\n<p><em>Marcel Camill\u2019 est n\u00e9 en 1984 \u00e0 Brazzaville au Congo. Apr\u00e8s avoir obtenu son Baccalaur\u00e9at en Sciences naturelles, il s\u2019installe en France, notamment \u00e0 Montpellier o\u00f9 il d\u00e9butera un cursus de Microbiologie jusqu\u2019en 3\u00e8me ann\u00e9e de Licence. Auteur de plusieurs recueils, il est \u00e9galement entrepreneur, anime ateliers d\u2019\u00e9criture et sc\u00e8nes po\u00e9tiques en r\u00e9gion Occitanie. En 2022 il cr\u00e9e la revue culturelle AU MBONGUI LE MAG\u2019.<\/em><\/p>\n<p><strong>\u00a0<\/strong><\/p>\n<\/div>\n<p>&nbsp;<\/p>\n","protected":false},"excerpt":{"rendered":"<p>Po\u00e9sie : CONGO BRAZZAVILLE<\/p>\n<p>Auteur : <strong>MARCEL CAMILL\u2019<\/strong><\/p>\n<div class=\"woocommerce-product-details__short-description\">\n<p>\u00c9diteur : <b>AU MBONGUI<\/b><\/p>\n<\/div>\n<p>&nbsp;<\/p>\n","protected":false},"featured_media":4163,"comment_status":"open","ping_status":"closed","template":"","meta":[],"product_brand":[],"product_cat":[75,87],"product_tag":[],"class_list":{"0":"post-468","1":"product","2":"type-product","3":"status-publish","4":"has-post-thumbnail","6":"product_cat-kama-mon-afrique","7":"product_cat-poesie-kama-mon-afrique","8":"product_shipping_class-standard","10":"first","11":"instock","12":"shipping-taxable","13":"purchasable","14":"product-type-simple"},"_links":{"self":[{"href":"https:\/\/aumbongui.com\/index.php?rest_route=\/wp\/v2\/product\/468","targetHints":{"allow":["GET"]}}],"collection":[{"href":"https:\/\/aumbongui.com\/index.php?rest_route=\/wp\/v2\/product"}],"about":[{"href":"https:\/\/aumbongui.com\/index.php?rest_route=\/wp\/v2\/types\/product"}],"replies":[{"embeddable":true,"href":"https:\/\/aumbongui.com\/index.php?rest_route=%2Fwp%2Fv2%2Fcomments&post=468"}],"wp:featuredmedia":[{"embeddable":true,"href":"https:\/\/aumbongui.com\/index.php?rest_route=\/wp\/v2\/media\/4163"}],"wp:attachment":[{"href":"https:\/\/aumbongui.com\/index.php?rest_route=%2Fwp%2Fv2%2Fmedia&parent=468"}],"wp:term":[{"taxonomy":"product_brand","embeddable":true,"href":"https:\/\/aumbongui.com\/index.php?rest_route=%2Fwp%2Fv2%2Fproduct_brand&post=468"},{"taxonomy":"product_cat","embeddable":true,"href":"https:\/\/aumbongui.com\/index.php?rest_route=%2Fwp%2Fv2%2Fproduct_cat&post=468"},{"taxonomy":"product_tag","embeddable":true,"href":"https:\/\/aumbongui.com\/index.php?rest_route=%2Fwp%2Fv2%2Fproduct_tag&post=468"}],"curies":[{"name":"wp","href":"https:\/\/api.w.org\/{rel}","templated":true}]}}