{"id":4686,"date":"2025-02-19T00:33:31","date_gmt":"2025-02-18T23:33:31","guid":{"rendered":"https:\/\/aumbongui.com\/?post_type=product&#038;p=4686"},"modified":"2026-04-12T18:24:37","modified_gmt":"2026-04-12T16:24:37","slug":"holocauste-au-congo-lomerta-de-la-communaute-internationale","status":"publish","type":"product","link":"https:\/\/aumbongui.com\/?product=holocauste-au-congo-lomerta-de-la-communaute-internationale","title":{"rendered":"HOLOCAUSTE AU CONGO : L&rsquo;omerta de la communaut\u00e9 internationale"},"content":{"rendered":"<p><span class=\"a-text-bold\">\u00a0 \u00a0<strong>Plus de 10 millions de morts, 500 000 femmes viol\u00e9es&#8230; et toujours le silence.<\/strong> Jusqu\u2019\u00e0 quand?<\/span> Entre avril et juillet 1994, la R\u00e9publique D\u00e9mocratique du Congo (RDC) ex-Za\u00efre, a \u00e9t\u00e9 envahie par un afflux de r\u00e9fugi\u00e9s rwandais et depuis lors, elle est constamment attaqu\u00e9e et pill\u00e9e par des troupes venues du Rwanda et de l\u2019Ouganda. Que se passe-t-il dans ce pays o\u00f9 les morts se comptent d\u00e9sormais par millions et les viols par centaines de milliers ? <strong>Charles Onana d\u00e9montre que l\u2019on assiste, depuis 1994, \u00e0 l\u2019invasion masqu\u00e9e du Congo par des milices et des troupes de Paul Kagame, le chef de l\u2019Etat rwandais soutenu au d\u00e9part par l\u2019administration Clinton et ensuite par la France de Nicolas Sarkozy. A partir de t\u00e9moignages exclusifs et de documents de la CIA, des archives de la Maison Blanche, de l\u2019Elys\u00e9e et de l\u2019Union Europ\u00e9enne, l\u2019auteur d\u00e9voile comment les Etats-Unis ont form\u00e9 cet homme sans foi ni loi, pour servir leurs int\u00e9r\u00eats en RDC, en R\u00e9publique Centrafricaine, au Congo-Brazzaville, et dans d\u2019autres \u00e9tats d\u2019Afrique Centrale o\u00f9 la guerre entre l\u2019Occident, la Chine et la Russie est f\u00e9roce pour le contr\u00f4le des ressources mini\u00e8res strat\u00e9giques.<\/strong> Insatiables, les pr\u00e9dateurs d\u00e9p\u00e8cent la RDC et pillent ses richesses. Apr\u00e8s 20 ann\u00e9es de recherches, l\u2019auteur alerte l\u2019opinion sur l\u2019extermination programm\u00e9e des populations locales alors que plusieurs chefs d\u2019Etats de la r\u00e9gion et un ambassadeur europ\u00e9en ont d\u00e9j\u00e0 \u00e9t\u00e9 assassin\u00e9s. Charles Onana explique surtout comment la mise \u00e0 mort de la RDC est organis\u00e9e en utilisant la terreur et le mensonge dans le dessein de faire main basse sur des minerais indispensables \u00e0 l\u2019industrie mondiale de l\u2019armement, de la t\u00e9l\u00e9phonie mobile et de la transition \u00e9nerg\u00e9tique.<br \/>\nUn document explosif sur les coulisses du gigantesque massacre d\u2019\u00eatres humains qui se d\u00e9roule \u00e0 quelques heures d\u2019avion de nos pays occidentaux. Charles ONANA est docteur en science politique, sp\u00e9cialiste de l\u2019Afrique des Grands Lacs et des conflits arm\u00e9s. Auteur de plusieurs livres de r\u00e9f\u00e9rence sur cette r\u00e9gion dont Europe crimes et censure au Congo (Duboiris), Rwanda : La v\u00e9rit\u00e9 sur l\u2019Op\u00e9ration Turquoise (L\u2019Artilleur), Enqu\u00eates sur un attentat : Rwanda 6 avril 1994 (L\u2019Artilleur), il a longtemps travaill\u00e9 avec l\u2019enqu\u00eateur Pierre P\u00e9an sur le Rwanda et la RDC. Charles Millon, ministre de la D\u00e9fense de Jacques Chirac de 1995 \u00e0 1997, a v\u00e9cu l\u2019invasion du Congo-Za\u00efre aux avant-postes politiques et raconte son exp\u00e9rience personnelle dans la pr\u00e9face de cet ouvrage.<\/p>\n","protected":false},"excerpt":{"rendered":"<p>Auteur : <strong>Charles ONANA<\/strong><\/p>\n<p>Editeur : <strong>\u00e9ditions L&rsquo;ARTILLEUR<\/strong><\/p>\n","protected":false},"featured_media":4687,"comment_status":"open","ping_status":"closed","template":"","meta":[],"product_brand":[],"product_cat":[90,75],"product_tag":[],"class_list":{"0":"post-4686","1":"product","2":"type-product","3":"status-publish","4":"has-post-thumbnail","6":"product_cat-histoiresociete-kama-mon-afrique","7":"product_cat-kama-mon-afrique","8":"product_shipping_class-standard","10":"first","11":"instock","12":"shipping-taxable","13":"purchasable","14":"product-type-simple"},"_links":{"self":[{"href":"https:\/\/aumbongui.com\/index.php?rest_route=\/wp\/v2\/product\/4686","targetHints":{"allow":["GET"]}}],"collection":[{"href":"https:\/\/aumbongui.com\/index.php?rest_route=\/wp\/v2\/product"}],"about":[{"href":"https:\/\/aumbongui.com\/index.php?rest_route=\/wp\/v2\/types\/product"}],"replies":[{"embeddable":true,"href":"https:\/\/aumbongui.com\/index.php?rest_route=%2Fwp%2Fv2%2Fcomments&post=4686"}],"wp:featuredmedia":[{"embeddable":true,"href":"https:\/\/aumbongui.com\/index.php?rest_route=\/wp\/v2\/media\/4687"}],"wp:attachment":[{"href":"https:\/\/aumbongui.com\/index.php?rest_route=%2Fwp%2Fv2%2Fmedia&parent=4686"}],"wp:term":[{"taxonomy":"product_brand","embeddable":true,"href":"https:\/\/aumbongui.com\/index.php?rest_route=%2Fwp%2Fv2%2Fproduct_brand&post=4686"},{"taxonomy":"product_cat","embeddable":true,"href":"https:\/\/aumbongui.com\/index.php?rest_route=%2Fwp%2Fv2%2Fproduct_cat&post=4686"},{"taxonomy":"product_tag","embeddable":true,"href":"https:\/\/aumbongui.com\/index.php?rest_route=%2Fwp%2Fv2%2Fproduct_tag&post=4686"}],"curies":[{"name":"wp","href":"https:\/\/api.w.org\/{rel}","templated":true}]}}