{"id":4710,"date":"2025-02-20T19:19:43","date_gmt":"2025-02-20T18:19:43","guid":{"rendered":"https:\/\/aumbongui.com\/?post_type=product&#038;p=4710"},"modified":"2025-12-12T21:23:11","modified_gmt":"2025-12-12T20:23:11","slug":"thomas-sankara-un-reve-brise","status":"publish","type":"product","link":"https:\/\/aumbongui.com\/?product=thomas-sankara-un-reve-brise","title":{"rendered":"Thomas Sankara, un r\u00eave bris\u00e9"},"content":{"rendered":"<p>Au d\u00e9but des ann\u00e9es 1980, un OVNI totalement inattendu, et pour beaucoup persona non grata, surgit dans le monde de la politique africaine et le bouleverse de haut en bas. Le jeune capitaine Thomas Sankara, pr\u00e9sident du Burkina Faso, sera, pendant quelques ann\u00e9es, l&rsquo;un des principaux protagonistes du continent et au-del\u00e0. Apr\u00e8s cinq ann\u00e9es de pouvoir qui changeront la face de son pays, Sankara finira assassin\u00e9 par son fr\u00e8re d&rsquo;armes, Blaise Compaor\u00e9. Pour la premi\u00e8re fois, la vie et le parcours de Sankara, personnage mythique pour des g\u00e9n\u00e9rations enti\u00e8res de citoyens africains, sont retrac\u00e9s dans cet album biographique aussi bien document\u00e9 que captivant. Une \u0153uvre de r\u00e9f\u00e9rence.<\/p>\n<p><em>Franco Dusio a \u00e9crit ce roman graphique \u00e0 la m\u00e9moire de Sankara, en cherchant \u00e0 faire conna\u00eetre sa vie et son h\u00e9ritage \u00e0 un large public. Marco Forte et Luca Occhetti, tous les deux n\u00e9s en 1996, sont dipl\u00f4m\u00e9s de la Scuola internazionale di comics de Turin. Thomas Sankara, un r\u00eave bris\u00e9 est leur premier album en France.<\/em><\/p>\n","protected":false},"excerpt":{"rendered":"<p>Auteur : <strong>Franco DUSIO<\/strong><\/p>\n<p>Dessinateur : <strong>Marco FORTE<\/strong>, <strong>Luca OCCHETI<\/strong><\/p>\n<p>Editeur : <strong>L&rsquo;HARMATTAN<\/strong><\/p>\n","protected":false},"featured_media":4712,"comment_status":"open","ping_status":"closed","template":"","meta":[],"product_brand":[],"product_cat":[85,75],"product_tag":[],"class_list":{"0":"post-4710","1":"product","2":"type-product","3":"status-publish","4":"has-post-thumbnail","6":"product_cat-bd-kama-mon-afrique","7":"product_cat-kama-mon-afrique","8":"product_shipping_class-standard","10":"first","11":"instock","12":"shipping-taxable","13":"purchasable","14":"product-type-simple"},"_links":{"self":[{"href":"https:\/\/aumbongui.com\/index.php?rest_route=\/wp\/v2\/product\/4710","targetHints":{"allow":["GET"]}}],"collection":[{"href":"https:\/\/aumbongui.com\/index.php?rest_route=\/wp\/v2\/product"}],"about":[{"href":"https:\/\/aumbongui.com\/index.php?rest_route=\/wp\/v2\/types\/product"}],"replies":[{"embeddable":true,"href":"https:\/\/aumbongui.com\/index.php?rest_route=%2Fwp%2Fv2%2Fcomments&post=4710"}],"wp:featuredmedia":[{"embeddable":true,"href":"https:\/\/aumbongui.com\/index.php?rest_route=\/wp\/v2\/media\/4712"}],"wp:attachment":[{"href":"https:\/\/aumbongui.com\/index.php?rest_route=%2Fwp%2Fv2%2Fmedia&parent=4710"}],"wp:term":[{"taxonomy":"product_brand","embeddable":true,"href":"https:\/\/aumbongui.com\/index.php?rest_route=%2Fwp%2Fv2%2Fproduct_brand&post=4710"},{"taxonomy":"product_cat","embeddable":true,"href":"https:\/\/aumbongui.com\/index.php?rest_route=%2Fwp%2Fv2%2Fproduct_cat&post=4710"},{"taxonomy":"product_tag","embeddable":true,"href":"https:\/\/aumbongui.com\/index.php?rest_route=%2Fwp%2Fv2%2Fproduct_tag&post=4710"}],"curies":[{"name":"wp","href":"https:\/\/api.w.org\/{rel}","templated":true}]}}