{"id":4884,"date":"2025-05-13T19:39:03","date_gmt":"2025-05-13T17:39:03","guid":{"rendered":"https:\/\/aumbongui.com\/?post_type=product&#038;p=4884"},"modified":"2026-04-12T18:22:38","modified_gmt":"2026-04-12T16:22:38","slug":"berberite","status":"publish","type":"product","link":"https:\/\/aumbongui.com\/?product=berberite","title":{"rendered":"Berb\u00e9rit\u00e9"},"content":{"rendered":"<p>Berb\u00e9rit\u00e9 est un chemin d&rsquo;esp\u00e9rance dans le souvenir d&rsquo;une identit\u00e9 m\u00e9tiss\u00e9e : arabe, juive, amazighe&#8230; Au fil des po\u00e8mes se d\u00e9voilent le r\u00e9cit d&rsquo;une \u00e2me mill\u00e9naire, l&rsquo;\u00e9cho lointain de ces h\u00e9ros d&rsquo;hier, une m\u00e9moire libre et humaine, une aube nouvelle \u00e0 l&rsquo;ombre du massif du Djurdjura. Dans cette mosa\u00efque d&rsquo;identit\u00e9s, Hanane Hazi dresse le portrait nostalgique d&rsquo;une histoire romantique par-del\u00e0 les fronti\u00e8res du Maghreb.<\/p>\n<p><strong><em>Sociologue, Hanane Hazi partage sa vie entre l&rsquo;Alg\u00e9rie et la France. Militante passionn\u00e9e d&rsquo;un monde m\u00e9tiss\u00e9, elle d\u00e9fend la survie des terroirs, la sauvegarde d&rsquo;un savoir-faire mill\u00e9naire en proie \u00e0 une extinction progressive.<\/em><\/strong><\/p>\n","protected":false},"excerpt":{"rendered":"<p>LITTERATURE POESIE\u00a0 &#8211;\u00a0 ALGERIE<\/p>\n<p>Auteure : <strong>Hanane HAZI<\/strong><\/p>\n<p>Editeur : <strong>L&rsquo;HARMATTAN<\/strong><\/p>\n","protected":false},"featured_media":4885,"comment_status":"open","ping_status":"closed","template":"","meta":[],"product_brand":[],"product_cat":[75,87],"product_tag":[],"class_list":{"0":"post-4884","1":"product","2":"type-product","3":"status-publish","4":"has-post-thumbnail","6":"product_cat-kama-mon-afrique","7":"product_cat-poesie-kama-mon-afrique","8":"product_shipping_class-standard","10":"first","11":"instock","12":"shipping-taxable","13":"purchasable","14":"product-type-simple"},"_links":{"self":[{"href":"https:\/\/aumbongui.com\/index.php?rest_route=\/wp\/v2\/product\/4884","targetHints":{"allow":["GET"]}}],"collection":[{"href":"https:\/\/aumbongui.com\/index.php?rest_route=\/wp\/v2\/product"}],"about":[{"href":"https:\/\/aumbongui.com\/index.php?rest_route=\/wp\/v2\/types\/product"}],"replies":[{"embeddable":true,"href":"https:\/\/aumbongui.com\/index.php?rest_route=%2Fwp%2Fv2%2Fcomments&post=4884"}],"wp:featuredmedia":[{"embeddable":true,"href":"https:\/\/aumbongui.com\/index.php?rest_route=\/wp\/v2\/media\/4885"}],"wp:attachment":[{"href":"https:\/\/aumbongui.com\/index.php?rest_route=%2Fwp%2Fv2%2Fmedia&parent=4884"}],"wp:term":[{"taxonomy":"product_brand","embeddable":true,"href":"https:\/\/aumbongui.com\/index.php?rest_route=%2Fwp%2Fv2%2Fproduct_brand&post=4884"},{"taxonomy":"product_cat","embeddable":true,"href":"https:\/\/aumbongui.com\/index.php?rest_route=%2Fwp%2Fv2%2Fproduct_cat&post=4884"},{"taxonomy":"product_tag","embeddable":true,"href":"https:\/\/aumbongui.com\/index.php?rest_route=%2Fwp%2Fv2%2Fproduct_tag&post=4884"}],"curies":[{"name":"wp","href":"https:\/\/api.w.org\/{rel}","templated":true}]}}