{"id":710,"date":"2021-08-05T22:32:55","date_gmt":"2021-08-05T20:32:55","guid":{"rendered":"https:\/\/aumbongui.catalog.ovh\/?post_type=product&#038;p=710"},"modified":"2022-09-23T21:54:12","modified_gmt":"2022-09-23T19:54:12","slug":"poesies-a-croquer","status":"publish","type":"product","link":"https:\/\/aumbongui.com\/?product=poesies-a-croquer","title":{"rendered":"PO\u00c9SIES \u00c0 CROQUER"},"content":{"rendered":"<p>De la po\u00e9sie \u00e0 faire d\u00e9couvrir de fa\u00e7on ludique aux enfants de 3 \u00e0 6 ans. Des mots \u00e0 croquer et \u00e0 savourer \u00e0 travers de multiples coloriages. Un ouvrage \u00e0 s\u2019approprier pleinement pour des moments calmes.<\/p>\n<p>Po\u00e8te et romanci\u00e8re, Pascale Battistelli compose ses premiers textes d\u00e8s l\u2019\u00e2ge de 10 ans tout en s\u2019int\u00e9ressant tr\u00e8s vite \u00e0 la pratique graphique \u00ab des mouvements et des couleurs \u00bb elle propose aussi depuis longtemps des petits objets pour ses amis sur lesquels elle inscrit ses pens\u00e9es du jour, ou de la veille\u2026 Elle a \u00e9crit divers ouvrages et aujourd\u2019hui elle cr\u00e9\u00e9 sa micro entreprise 3aabp afin d\u2019accompagner les jeunes auteurs en devenir jusqu\u2019\u00e0 la concr\u00e9tisation de leurs projets.<\/p>\n","protected":false},"excerpt":{"rendered":"<p>Auteure : <strong>PASCALE BATTISTELLI<\/strong><\/p>\n<p>(Po\u00e9sie illustr\u00e9 &#8211; \u00e0 partir de 3 ans)<\/p>\n<p>\u00c9diteur : <strong>Tapuscrits <\/strong><\/p>\n","protected":false},"featured_media":842,"comment_status":"open","ping_status":"closed","template":"","meta":[],"product_brand":[],"product_cat":[102,115],"product_tag":[],"class_list":{"0":"post-710","1":"product","2":"type-product","3":"status-publish","4":"has-post-thumbnail","6":"product_cat-constellations","7":"product_cat-enfance-3","9":"first","10":"instock","11":"shipping-taxable","12":"purchasable","13":"product-type-simple"},"_links":{"self":[{"href":"https:\/\/aumbongui.com\/index.php?rest_route=\/wp\/v2\/product\/710","targetHints":{"allow":["GET"]}}],"collection":[{"href":"https:\/\/aumbongui.com\/index.php?rest_route=\/wp\/v2\/product"}],"about":[{"href":"https:\/\/aumbongui.com\/index.php?rest_route=\/wp\/v2\/types\/product"}],"replies":[{"embeddable":true,"href":"https:\/\/aumbongui.com\/index.php?rest_route=%2Fwp%2Fv2%2Fcomments&post=710"}],"wp:featuredmedia":[{"embeddable":true,"href":"https:\/\/aumbongui.com\/index.php?rest_route=\/wp\/v2\/media\/842"}],"wp:attachment":[{"href":"https:\/\/aumbongui.com\/index.php?rest_route=%2Fwp%2Fv2%2Fmedia&parent=710"}],"wp:term":[{"taxonomy":"product_brand","embeddable":true,"href":"https:\/\/aumbongui.com\/index.php?rest_route=%2Fwp%2Fv2%2Fproduct_brand&post=710"},{"taxonomy":"product_cat","embeddable":true,"href":"https:\/\/aumbongui.com\/index.php?rest_route=%2Fwp%2Fv2%2Fproduct_cat&post=710"},{"taxonomy":"product_tag","embeddable":true,"href":"https:\/\/aumbongui.com\/index.php?rest_route=%2Fwp%2Fv2%2Fproduct_tag&post=710"}],"curies":[{"name":"wp","href":"https:\/\/api.w.org\/{rel}","templated":true}]}}