{"id":720,"date":"2021-08-05T23:30:58","date_gmt":"2021-08-05T21:30:58","guid":{"rendered":"https:\/\/aumbongui.catalog.ovh\/?post_type=product&#038;p=720"},"modified":"2023-11-14T21:56:16","modified_gmt":"2023-11-14T20:56:16","slug":"legyptien-pharaonique-une-langue-negro-africaine","status":"publish","type":"product","link":"https:\/\/aumbongui.com\/?product=legyptien-pharaonique-une-langue-negro-africaine","title":{"rendered":"L&rsquo;\u00e9gyptien pharaonique : une langue n\u00e9gro-africaine"},"content":{"rendered":"<p><span id=\"ctl00_mainBody_ResumeLabel\">\u00a0 Une \u00e9tude de linguistique historique et comparative sur les rapports entre l&rsquo;\u00e9gyptien pharaonique et plusieurs langues africaines. L&rsquo;\u00e9tude est pr\u00e9c\u00e9d\u00e9e d&rsquo;un expos\u00e9 sur les principes m\u00e9thodologiques de la linguistique historique. L&rsquo;ouvrage est illustr\u00e9 de cartes, de photos d&rsquo;objets ainsi que de nombreux dessins d&rsquo;hi\u00e9roglyphes.<\/span><\/p>\n<p>&nbsp;<\/p>\n<div>\n<p>Th\u00e9ophile Mwen\u00e9 Ndzal\u00e9 Obenga, n\u00e9 \u00e0 Mbaya, (R\u00e9publique du Congo), le 2 f\u00e9vrier 1936, est \u00e9gyptologue, <span class=\"mw-redirect\">linguiste<\/span> et historien. Avec Cheikh Anta Diop, il d\u00e9fend une vision de l&rsquo;histoire africaine recentr\u00e9e sur les pr\u00e9occupations des chercheurs et intellectuels africains, soucieux de revisiter leur patrimoine (Afrocentricit\u00e9).<\/p>\n<p>Docteur d\u2019\u00c9tat \u00e8s lettres en Sciences Humaines (Sorbonne), il a \u00e9tudi\u00e9 diverses disciplines\u00a0: philosophie, linguistique historique comparative, arch\u00e9ologie pr\u00e9historique, sciences de l&rsquo;\u00e9ducation, \u00e9gyptologie<sup id=\"cite_ref-0\" class=\"reference\">1<\/sup>. Th\u00e9ophile Obenga a \u00e9tudi\u00e9 la philosophie \u00e0 l&rsquo;universit\u00e9 de Bordeaux. Il a fait des \u00e9tudes d&rsquo;histoire au Coll\u00e8ge de France, \u00e0 Paris, et a appris l&rsquo;\u00e9gyptologie \u00e0 Gen\u00e8ve. Il a \u00e9galement suivi une formation en sciences de l&rsquo;\u00e9ducation \u00e0 Pittsburgh. Parmi ses professeurs, il y eut \u00c9mile Benveniste en linguistique historique, Jean Leclant et Charles Maystre en \u00e9gyptologie, Rodolphe Kasser en copte, Lionel Balout en pal\u00e9ontologie humaine<sup id=\"cite_ref-1\" class=\"reference\">2<\/sup>. Ancien directeur g\u00e9n\u00e9ral du Centre international des civilisations bantu (CICIBA) \u00e0 Libreville, il est aujourd&rsquo;hui professeur \u00e0 la facult\u00e9 de civilisations africaines \u00e0 l&rsquo;universit\u00e9 d&rsquo;\u00c9tat de San Francisco<sup id=\"cite_ref-2\" class=\"reference\">3<\/sup>, qui est un campus de l\u2019universit\u00e9 de Californie.<\/p>\n<p>Il dirige <em>Ankh<\/em>, \u00ab\u00a0revue d\u2019\u00e9gyptologie et des civilisations africaines\u00a0\u00bb \u00e9dit\u00e9e \u00e0 Paris. Entre autres pr\u00e9occupations scientifiques, cette revue explore les diff\u00e9rentes voies de recherche initi\u00e9es ou renouvel\u00e9es par Cheikh Anta Diop, dans une perspective \u00e9pist\u00e9mologique repla\u00e7ant l&rsquo;\u00c9gypte ancienne dans ce qu&rsquo;il consid\u00e8re comme son \u00ab\u00a0cadre naturel africain\u00a0\u00bb et comme l&rsquo;une des \u00ab\u00a0civilisations n\u00e9gro-africaines anciennes\u00a0\u00bb.<\/p>\n<\/div>\n<p>&nbsp;<\/p>\n","protected":false},"excerpt":{"rendered":"<p>Auteur : <strong>THEOPHILE OBENGA<\/strong><\/p>\n<p>\u00c9diteur : <strong>Pr\u00e9sence Africaine<\/strong><\/p>\n","protected":false},"featured_media":4427,"comment_status":"open","ping_status":"closed","template":"","meta":[],"product_brand":[],"product_cat":[90,75],"product_tag":[],"class_list":{"0":"post-720","1":"product","2":"type-product","3":"status-publish","4":"has-post-thumbnail","6":"product_cat-histoiresociete-kama-mon-afrique","7":"product_cat-kama-mon-afrique","8":"product_shipping_class-standard","10":"first","11":"instock","12":"shipping-taxable","13":"purchasable","14":"product-type-simple"},"_links":{"self":[{"href":"https:\/\/aumbongui.com\/index.php?rest_route=\/wp\/v2\/product\/720","targetHints":{"allow":["GET"]}}],"collection":[{"href":"https:\/\/aumbongui.com\/index.php?rest_route=\/wp\/v2\/product"}],"about":[{"href":"https:\/\/aumbongui.com\/index.php?rest_route=\/wp\/v2\/types\/product"}],"replies":[{"embeddable":true,"href":"https:\/\/aumbongui.com\/index.php?rest_route=%2Fwp%2Fv2%2Fcomments&post=720"}],"wp:featuredmedia":[{"embeddable":true,"href":"https:\/\/aumbongui.com\/index.php?rest_route=\/wp\/v2\/media\/4427"}],"wp:attachment":[{"href":"https:\/\/aumbongui.com\/index.php?rest_route=%2Fwp%2Fv2%2Fmedia&parent=720"}],"wp:term":[{"taxonomy":"product_brand","embeddable":true,"href":"https:\/\/aumbongui.com\/index.php?rest_route=%2Fwp%2Fv2%2Fproduct_brand&post=720"},{"taxonomy":"product_cat","embeddable":true,"href":"https:\/\/aumbongui.com\/index.php?rest_route=%2Fwp%2Fv2%2Fproduct_cat&post=720"},{"taxonomy":"product_tag","embeddable":true,"href":"https:\/\/aumbongui.com\/index.php?rest_route=%2Fwp%2Fv2%2Fproduct_tag&post=720"}],"curies":[{"name":"wp","href":"https:\/\/api.w.org\/{rel}","templated":true}]}}