{"id":738,"date":"2021-08-06T00:14:40","date_gmt":"2021-08-05T22:14:40","guid":{"rendered":"https:\/\/aumbongui.catalog.ovh\/?post_type=product&#038;p=738"},"modified":"2021-08-15T19:22:33","modified_gmt":"2021-08-15T17:22:33","slug":"au-tchad-sous-les-etoiles","status":"publish","type":"product","link":"https:\/\/aumbongui.com\/?product=au-tchad-sous-les-etoiles","title":{"rendered":"Au Tchad sous les \u00e9toiles"},"content":{"rendered":"<section id=\"descriptionTab\" class=\"page-product-box tab-pane fade in active\">\n<div class=\"rte\">\n<p>Malgr\u00e9 le fracas d\u2019un demi-si\u00e8cle de carnages intermittents au Tchad, le chant du premier livre de Joseph Brahim Seid reste plus que jamais d\u2019actualit\u00e9. Au-del\u00e0 de la nation tchadienne elle-m\u00eame, les valeurs qu\u2019il exalte demeurent des rem\u00e8des pr\u00e9ventifs aux conflits fratricides pour toute communaut\u00e9 humaine, le conte \u00e9tant l\u2019une des voies royales de r\u00e9gulation morale d\u2019une soci\u00e9t\u00e9.<\/p>\n<p>Lisons ou relisons <em>Au Tchad sous les \u00e9toiles,<\/em> partout et en tout temps, pas seulement comme antidote \u00e0 toute inhumanit\u00e9, mais aussi pour le plaisir d\u2019entrer en douce en po\u00e9sie.<\/p>\n<\/div>\n<p>Joseph Brahim Seid (1927-1980) homme politique et \u00e9crivain tchadien est aussi l\u2019auteur de Un enfant du Tchad (1967), inspir\u00e9 de sa propre vie.<\/p>\n<\/section>\n","protected":false},"excerpt":{"rendered":"<p>Auteur : <strong>JOSEPH BRAHIM SEID<\/strong><\/p>\n<p>\u00c9diteur : <strong>Pr\u00e9sence Africaine<\/strong><\/p>\n","protected":false},"featured_media":783,"comment_status":"open","ping_status":"closed","template":"","meta":[],"product_brand":[],"product_cat":[86,75],"product_tag":[],"class_list":{"0":"post-738","1":"product","2":"type-product","3":"status-publish","4":"has-post-thumbnail","6":"product_cat-contes-kama-mon-afrique","7":"product_cat-kama-mon-afrique","8":"product_shipping_class-standard","10":"first","11":"instock","12":"shipping-taxable","13":"purchasable","14":"product-type-simple"},"_links":{"self":[{"href":"https:\/\/aumbongui.com\/index.php?rest_route=\/wp\/v2\/product\/738","targetHints":{"allow":["GET"]}}],"collection":[{"href":"https:\/\/aumbongui.com\/index.php?rest_route=\/wp\/v2\/product"}],"about":[{"href":"https:\/\/aumbongui.com\/index.php?rest_route=\/wp\/v2\/types\/product"}],"replies":[{"embeddable":true,"href":"https:\/\/aumbongui.com\/index.php?rest_route=%2Fwp%2Fv2%2Fcomments&post=738"}],"wp:featuredmedia":[{"embeddable":true,"href":"https:\/\/aumbongui.com\/index.php?rest_route=\/wp\/v2\/media\/783"}],"wp:attachment":[{"href":"https:\/\/aumbongui.com\/index.php?rest_route=%2Fwp%2Fv2%2Fmedia&parent=738"}],"wp:term":[{"taxonomy":"product_brand","embeddable":true,"href":"https:\/\/aumbongui.com\/index.php?rest_route=%2Fwp%2Fv2%2Fproduct_brand&post=738"},{"taxonomy":"product_cat","embeddable":true,"href":"https:\/\/aumbongui.com\/index.php?rest_route=%2Fwp%2Fv2%2Fproduct_cat&post=738"},{"taxonomy":"product_tag","embeddable":true,"href":"https:\/\/aumbongui.com\/index.php?rest_route=%2Fwp%2Fv2%2Fproduct_tag&post=738"}],"curies":[{"name":"wp","href":"https:\/\/api.w.org\/{rel}","templated":true}]}}