{"id":828,"date":"2021-08-12T17:34:56","date_gmt":"2021-08-12T15:34:56","guid":{"rendered":"https:\/\/aumbongui.catalog.ovh\/?post_type=product&#038;p=828"},"modified":"2021-08-15T19:15:56","modified_gmt":"2021-08-15T17:15:56","slug":"les-perles-de-zima","status":"publish","type":"product","link":"https:\/\/aumbongui.com\/?product=les-perles-de-zima","title":{"rendered":"Les perles de Zima"},"content":{"rendered":"<p>Il \u00e9tait une fois un petit gar\u00e7on qui s&rsquo;appelait Zima. Il habitait une belle terre couverte de palmiers, ciel bleu, soleil de feu. Zima conversait souvent avec le soleil :<\/p>\n<p>\u00ab\u00a0Qu&rsquo;y a-t-il de l&rsquo;autre c\u00f4t\u00e9 des montagnes, au-del\u00e0 de la nature verte ? lui demandait-il.<\/p>\n<p>-La mer, r\u00e9pondait le soleil.<\/p>\n<p>&#8211; La mer \u00a0\u00bb<\/p>\n<p>N\u00e9e en Ha\u00efti (Port-au-Prince, le 3 mai 1939), Mimi Barthelemy fait ses \u00e9tudes sup\u00e9rieures en France et vit ensuite \u00e0 l&rsquo;\u00e9tranger : en Am\u00e9rique Latine, \u00e0 Sri Lanka et en Afrique du Nord.<br \/>\nAinsi commence son chemin vers le conte li\u00e9 \u00e0 une qu\u00eate personnelle sur son identit\u00e9 de femme ha\u00eftienne vivant hors de son pays. Cette recherche l&rsquo;am\u00e8ne d&rsquo;une part \u00e0 se rapprocher de la communaut\u00e9 ha\u00eftienne de France et d&rsquo;autre part \u00e0 entreprendre un long travail sur la voix, gr\u00e2ce auquel elle trouve acc\u00e8s \u00e0 l&rsquo;expression de sa m\u00e9moire.<\/p>\n","protected":false},"excerpt":{"rendered":"<p>Auteure : <strong>Mimi Barthelemy<\/strong><\/p>\n<p>( Contes \/ Cara\u00efbes \/ Ha\u00efti )<\/p>\n<p>\u00c9diteur : <strong>Pr\u00e9sence Africaine<\/strong><\/p>\n","protected":false},"featured_media":829,"comment_status":"open","ping_status":"closed","template":"","meta":[],"product_brand":[],"product_cat":[76],"product_tag":[],"class_list":{"0":"post-828","1":"product","2":"type-product","3":"status-publish","4":"has-post-thumbnail","6":"product_cat-caraibes","7":"product_shipping_class-standard","9":"first","10":"instock","11":"shipping-taxable","12":"purchasable","13":"product-type-simple"},"_links":{"self":[{"href":"https:\/\/aumbongui.com\/index.php?rest_route=\/wp\/v2\/product\/828","targetHints":{"allow":["GET"]}}],"collection":[{"href":"https:\/\/aumbongui.com\/index.php?rest_route=\/wp\/v2\/product"}],"about":[{"href":"https:\/\/aumbongui.com\/index.php?rest_route=\/wp\/v2\/types\/product"}],"replies":[{"embeddable":true,"href":"https:\/\/aumbongui.com\/index.php?rest_route=%2Fwp%2Fv2%2Fcomments&post=828"}],"wp:featuredmedia":[{"embeddable":true,"href":"https:\/\/aumbongui.com\/index.php?rest_route=\/wp\/v2\/media\/829"}],"wp:attachment":[{"href":"https:\/\/aumbongui.com\/index.php?rest_route=%2Fwp%2Fv2%2Fmedia&parent=828"}],"wp:term":[{"taxonomy":"product_brand","embeddable":true,"href":"https:\/\/aumbongui.com\/index.php?rest_route=%2Fwp%2Fv2%2Fproduct_brand&post=828"},{"taxonomy":"product_cat","embeddable":true,"href":"https:\/\/aumbongui.com\/index.php?rest_route=%2Fwp%2Fv2%2Fproduct_cat&post=828"},{"taxonomy":"product_tag","embeddable":true,"href":"https:\/\/aumbongui.com\/index.php?rest_route=%2Fwp%2Fv2%2Fproduct_tag&post=828"}],"curies":[{"name":"wp","href":"https:\/\/api.w.org\/{rel}","templated":true}]}}